on divisor of 1527 and 111?
3
What is the greatest common factor of 583 and 114466?
11
What is the highest common factor of 24336 and 7596?
36
Calculate the greatest common factor of 30 and 348060.
30
Calculate the greatest common divisor of 576 and 9264.
48
What is the highest common divisor of 861 and 738?
123
What is the greatest common divisor of 3146 and 242?
242
Calculate the highest common factor of 1240 and 1536112.
248
What is the greatest common divisor of 243 and 3843?
9
What is the highest common factor of 20 and 232250?
10
What is the highest common divisor of 4 and 90247?
1
Calculate the highest common divisor of 59 and 34633.
59
What is the highest common factor of 13344 and 27522?
834
Calculate the highest common factor of 11 and 496562.
11
What is the highest common divisor of 1769760 and 468?
36
Calculate the greatest common divisor of 258 and 711435.
129
Calculate the highest common factor of 325 and 35412.
13
What is the highest common factor of 1044800 and 640?
320
What is the highest common factor of 340 and 192300?
20
Calculate the greatest common factor of 3601303 and 597.
199
What is the highest common factor of 105 and 85365?
105
Calculate the greatest common divisor of 6258 and 630.
42
Calculate the greatest common divisor of 274920 and 300.
60
What is the highest common divisor of 157443 and 40737?
1101
What is the highest common divisor of 30 and 10510?
10
What is the greatest common factor of 1331976 and 760?
152
What is the greatest common factor of 48678 and 98?
14
Calculate the greatest common factor of 4108383 and 2874.
1437
Calculate the highest common divisor of 1691514 and 198.
198
What is the greatest common divisor of 4700 and 275?
25
What is the greatest common divisor of 20 and 22010?
10
What is the greatest common divisor of 325 and 6526?
13
What is the greatest common divisor of 700 and 49525?
175
Calculate the highest common divisor of 84666 and 3399.
309
Calculate the greatest common divisor of 320961 and 249.
249
What is the highest common factor of 20 and 3548?
4
What is the highest common divisor of 231882 and 12?
6
What is the greatest common factor of 316220 and 40?
20
What is the greatest common factor of 2332 and 36531?
11
What is the greatest common divisor of 134 and 226862?
134
What is the greatest common divisor of 45 and 22257?
9
Calculate the highest common factor of 609917 and 1246.
623
What is the greatest common divisor of 634827 and 6?
3
What is the highest common divisor of 569424 and 48?
48
What is the greatest common factor of 13166 and 29?
29
Calculate the greatest common factor of 123 and 792284.
41
Calculate the highest common divisor of 170164 and 76.
76
What is the highest common factor of 27753 and 363?
33
What is the highest common divisor of 9254542 and 2332?
1166
What is the greatest common divisor of 93572 and 2512?
628
Calculate the highest common factor of 8774 and 5125.
41
What is the highest common divisor of 3201 and 5148?
33
Calculate the greatest common factor of 7 and 556101.
7
What is the highest common divisor of 2436 and 31262?
406
What is the highest common divisor of 11571 and 77952?
609
Calculate the greatest common divisor of 109 and 30193.
109
What is the highest common factor of 162 and 10674?
18
What is the highest common factor of 551 and 190?
19
Calculate the highest common factor of 272332 and 618.
206
What is the greatest common divisor of 33855 and 4440?
555
What is the greatest common divisor of 77 and 37609?
11
Calculate the highest common divisor of 5168 and 6992.
304
Calculate the greatest common divisor of 3408 and 960.
48
What is the greatest common factor of 758 and 373315?
379
Calculate the highest common factor of 4 and 33409.
1
Calculate the greatest common factor of 374 and 10582.
22
Calculate the highest common divisor of 4439 and 14743.
23
Calculate the highest common factor of 411 and 294139.
137
What is the greatest common factor of 2717 and 224884?
209
What is the greatest common factor of 315914 and 19848?
1654
Calculate the greatest common divisor of 5727 and 4830.
69
Calculate the greatest common divisor of 445 and 8989.
89
Calculate the highest common factor of 483252 and 5698.
154
What is the greatest common factor of 176 and 4792?
8
What is the greatest common factor of 33858 and 114114?
1254
Calculate the highest common divisor of 918 and 2322.
54
Calculate the highest common factor of 19084 and 793.
13
Calculate the highest common divisor of 1112326 and 322.
46
Calculate the highest common factor of 894476 and 11.
11
Calculate the highest common factor of 896 and 7136.
32
What is the highest common factor of 5948 and 50?
2
What is the greatest common divisor of 712912 and 272?
272
Calculate the greatest common divisor of 7686 and 426.
6
Calculate the greatest common divisor of 50932 and 80444.
476
What is the greatest common factor of 1428 and 34476?
204
What is the highest common factor of 477 and 19027?
53
What is the highest common divisor of 288 and 3232?
32
What is the greatest common divisor of 90157 and 89?
89
What is the greatest common divisor of 1470 and 3610?
10
What is the greatest common divisor of 22 and 13519?
11
Calculate the greatest common divisor of 507856 and 16.
16
What is the greatest common factor of 105466 and 18?
2
Calculate the highest common factor of 1825522 and 774.
86
What is the highest common divisor of 2652 and 578?
34
What is the highest common divisor of 56403 and 36?
9
What is the greatest common factor of 30349 and 44?
11
Calculate the greatest common divisor of 14899 and 799.
47
Calculate the highest common factor of 360465 and 210.
105
What is the highest common factor of 7712 and 64?
32
Calculate the highest common factor of 3888 and 2556.
36
What is the highest common divisor of 28878 and 12?
6
Calculate the greatest common factor of 30933 and 76105.
491
What is the greatest common factor of 8 and 227576?
8
Calculate the greatest common factor of 10264 and 40.
8
What is the highest common factor of 1690 and 26390?
130
Calculate the highest common divisor of 1577 and 95.
19
What is the greatest common divisor of 413 and 1635775?
59
What is the highest common factor of 1740 and 3221610?
870
Calculate the greatest common divisor of 2502 and 3294.
18
What is the greatest common divisor of 156 and 285987?
39
What is the highest common factor of 3510 and 247104?
702
What is the greatest common divisor of 682 and 47554?
62
What is the highest common factor of 24 and 1496892?
12
What is the greatest common factor of 1520 and 255664?
304
What is the greatest common factor of 762 and 16383?
381
What is the greatest common divisor of 74865 and 775?
155
Calculate the greatest common divisor of 50 and 1655900.
50
Calculate the greatest common divisor of 9980 and 120.
20
What is the greatest common divisor of 95387 and 34?
17
What is the greatest common factor of 1022 and 7008?
146
What is the greatest common factor of 5160 and 408?
24
Calculate the greatest common divisor of 9520 and 3145.
85
What is the highest common factor of 24119 and 27100?
271
What is the highest common divisor of 29008 and 28?
28
Calculate the greatest common divisor of 675 and 79050.
75
Calculate the highest common divisor of 55 and 4851.
11
What is the greatest common divisor of 4043 and 102008?
311
What is the greatest common divisor of 18 and 126342?
18
Calculate the highest common factor of 7786 and 50.
2
Calculate the greatest common divisor of 260590 and 19228.
506
Calculate the highest common factor of 39948 and 288.
12
What is the greatest common divisor of 584 and 6205?
73
What is the greatest common divisor of 311415 and 705?
15
Calculate the greatest common divisor of 32334 and 408.
102
Calculate the greatest common divisor of 32 and 145504.
32
What is the greatest common factor of 117645 and 1209?
93
Calculate the highest common factor of 5688 and 9576.
72
Calculate the greatest common factor of 92 and 3001799.
23
Calculate the greatest common divisor of 45 and 1146535.
5
Calculate the highest common divisor of 696 and 1140.
12
Calculate the greatest common factor of 190332 and 17.
17
What is the greatest common factor of 69492 and 156?
12
What is the highest common factor of 81 and 15?
3
What is the high